?
6
Let k(x) = x**3 + 5*x**2 - 5*x - 2. Let o be 4*16/(224/(-21)). What is k(o)?
-8
Let q be (6 + -5 - 9) + (1 - -4). Let h(c) = c**2 + 5*c - 1. Let o be h(-4). Let w(r) = -r + 3. Let a(x) = 2*x - 5. Let d(n) = o*w(n) + q*a(n). Give d(8).
-8
Let y(m) = -11*m**3 - 33*m**2 + 8*m - 10. Let b(j) = 31*j**3 + 96*j**2 - 25*j + 29. Let a(s) = -6*b(s) - 17*y(s). Calculate a(14).
-4
Let g(y) = y - 4. Let r(p) = -2*p + 28. Let j be r(0). Suppose 93 = -4*k + 3*u - 0*u, -3*u - 3 = 0. Let q = k + j. Calculate g(q).
0
Let k(u) = 2*u + 32. Let p(r) = -5*r**3 - 74*r**2 + 14*r - 23. Let a be p(-15). Determine k(a).
16
Let s(o) = -o**2 - 8*o + 1. Suppose -2 = 2*x - 3*t, -2*t = 3*x - 5*t. Suppose h + 20 = 4*y, x*y + 11 = -3*h - 7. Determine s(h).
1
Let x(i) be the second derivative of -5*i**3/6 + 17*i**2/2 - 6*i + 163. Give x(4).
-3
Let r(g) be the first derivative of -g**2 - 13*g - 1083. Give r(-5).
-3
Let x be (-25)/(-9) - 32/(-144). Suppose 0 = 9*s - 10*s + x. Suppose u = 3*p - s, 0 = p - 5*p + 2*u + 4. Let y(o) = 4*o + 1. Give y(p).
5
Let p(j) = -j**3 + 9*j**2 - 8*j + 8. Suppose -2*d = 2*u + 2, 4*d = 2*u - 13 - 15. Suppose 24 = 7*m - u*m. Give p(m).
8
Let g(i) be the first derivative of 3*i**3 + 41*i**2/2 + 12*i + 150. Give g(-4).
-8
Let k(b) be the second derivative of -b**3/3 + b**2/2 - 2*b. Suppose -12*i = 550 - 574. Suppose 4*j + i*l = -0*j + 18, j - 17 = -3*l. Calculate k(j).
-3
Let v(r) = 7*r**3 - 12*r**2 - 9*r - 1. Let q(l) = 12*l**3 - 22*l**2 - 19*l - 4. Let f(x) = 4*q(x) - 7*v(x). What is f(-4)?
43
Let u(a) = 16*a + 115. Suppose 434 = 137*t + 1043 + 350. Determine u(t).
3
Let y(f) = f**3 - 5*f**2 + 12*f - 57. Let q be y(5). Let a(z) = 9 - 2 + 3*z - z - q*z. What is a(-5)?
12
Let c(f) be the second derivative of -f**3/6 - 25*f**2/2 + f + 2596. Give c(5).
-30
Suppose 7*s - 44 = -8*s - 7*s. Let i(h) = 9*h**3 - 3*h**2 + 2. Determine i(s).
62
Let o(q) be the third derivative of -q**5/20 + q**4/3 + 2*q**3/3 + 3*q**2 + 1050*q. What is o(-4)?
-76
Let s(m) = -m**2 - m + 41. Let i be s(7). Let b(a) = 7*a + 104. Calculate b(i).
-1
Let b = -281/22 + 146/11. Let a(m) be the second derivative of b*m**2 - 1/6*m**3 + m + 0. Give a(1).
0
Let w = 483 + -339. Let m be 6/(-51) + (w/34)/2. Let r(h) = 10*h - 3*h + 3 + 2*h**2 - 7*h**m + 6*h**2. What is r(-5)?
-7
Suppose -3*p + 4*y - 5 = 0, -3*p + y = -9 - 1. Let m(v) be the first derivative of v**3/3 - 2*v**2 + 5*v + 14082. Give m(p).
10
Suppose -2*p = 2*h + 26, 0 = 3*p - h + 19 + 28. Let g = p + 31. Suppose t + t = -g. Let o(n) = -n**3 - 9*n**2 - 8*n + 1. Calculate o(t).
1
Let v(w) = w**3 + 3*w**2 - 2*w + 3. Suppose -k = -3*a - 260, -k - 2 = 2. Let s be (-1086)/(-16) + (-11)/a. Suppose 16*n - 20 = -s. Determine v(n).
9
Let f(h) = h**3 - 9*h**2 - 12*h + 22. Let u be f(10). Suppose u*c - 60 + 22 = 0. Let b(q) = -3 - 6*q + 21*q**2 + c*q**2 - 39*q**2. Calculate b(5).
-8
Let j be (-3)/((-3)/2)*2. Let n be (2/(-2))/(j/20). Let c(d) be the second derivative of d**5/20 + d**4/2 + d**3/2 + 5*d**2/2 + 23167*d. Calculate c(n).
15
Suppose -29*t + 33 + 31 = -50*t + 5*t. Let d(k) be the second derivative of -k**3/3 - 4*k**2 - k. Determine d(t).
0
Let g(t) be the first derivative of -7*t**3/3 + 3*t**2/2 - 3*t - 2. Let u = -9381 - -9383. Determine g(u).
-25
Let l be (-4)/(-2)*(-10)/(-4). Let r(n) be the third derivative of n**6/120 - n**5/15 - n**4/6 - n**3/3 + 2*n**2 - 939. What is r(l)?
3
Let v be 3/1 - (19 - 11 - 10). Let u(m) = 6*m - 4 + 6 - 2 - 3. Determine u(v).
27
Let j(x) = -6*x - 29. Let z = 1532 + -1547. Give j(z).
61
Let j(s) = -2*s - 4. Let i be j(-3). Let g(h) = 2*h - 10*h**2 - 6*h + 0*h + i*h + 1. Determine g(1).
-11
Suppose -28 = -35*u + 31*u. Let s(g) = 1 - 4*g**2 - u*g - g + 9*g. Let a = 5 + -7. Determine s(a).
-17
Let n(i) = -3*i**2 + 2*i + 1. Let l be (-30)/(-90) - 550/3. Let c = l + 185. Determine n(c).
-7
Let k(x) = 3*x + 16*x**2 - 13*x**2 - 3*x - 1 - 4*x. Give k(-4).
63
Let p be ((-2)/7 + (-664)/224)/(25/100). Let u(d) be the first derivative of -d**2 - 16*d + 3. Calculate u(p).
10
Suppose 1965*l - 1945*l - 100 = 0. Let p(s) = -3*s**2 + 18*s - 11. Determine p(l).
4
Let l(r) = 3*r**2 - 3*r. Let i be 4/10 - 2/5. Suppose -a = -2*s - 5*a + 18, i = 3*s - 3*a. Suppose 0 = -3*f, -h - 4*h + 10 = s*f. Calculate l(h).
6
Let b(i) = i**2 + 16*i + 52. Suppose 29*w + 9*w + 473 = -5*w. What is b(w)?
-3
Let m(c) be the first derivative of -c**4/4 + 7*c**3/3 - 3*c**2 + 6*c - 113. Let w = 4 - -2. Let x be m(w). Let d(u) = -u**3 + 6*u**2 + 3*u - 7. Determine d(x).
11
Let q(s) = s**2 + 7*s. Let x(v) = -2*v**2 + 56*v + 3. Let o be x(28). Suppose o*a + 2*t + 36 = -2*a, -3 = a - t. Calculate q(a).
-6
Let j(l) be the third derivative of 0*l - 1/3*l**3 - 1/30*l**5 + 0 + 1/12*l**4 + 47*l**2. Let t = -2 - -4. Calculate j(t).
-6
Let i be (6/(-9))/(5/(-270)). Suppose 3*j + 11 = h, -4*j + 12 = h + i. Let u = j - -9. Let y(m) = -2*m. What is y(u)?
-8
Let r(v) = 4*v**2 - 2. Let s(u) = 14*u**2 - 30*u - 50. Let p(k) = 4*r(k) - s(k). Calculate p(-12).
-30
Let r be -6 + 52 + -52 + 2 + 7. Let q(s) = 4 + 3 + 2*s - 3. What is q(r)?
10
Let a(z) = -z - 1. Let v(b) = -b**2 + 5*b - 1. Let j(o) = 3*a(o) + v(o). Suppose -48*p + 164 - 20 = 0. What is j(p)?
-7
Let q(x) = -x**2 - 12*x + 11. Let c be 6/(-7) - 980/(-343). Suppose 0 = 6*k - c*k - 3*y + 55, 5*y = -k - 8. What is q(k)?
-2
Let d(x) be the third derivative of 0*x + 0 - 10*x**2 + 3/2*x**3 - 1/8*x**4. Suppose m - 2 = -1, 23 = 5*t - 2*m. Calculate d(t).
-6
Suppose 0 = -2*t - j + 2, t + j - 4 = 2*j. Suppose 4*i = 10*i + 4*i - 30. Let x be i/(-3)*(-3 + t). Let a(z) = -5*z**2 - 2*z + 1. Determine a(x).
-6
Let u(g) = 1 + 0 - 2*g - 4. Let p = 101 - 95. Let f be (-105)/(-14)*(-4)/p. What is u(f)?
7
Let n(k) = 32*k - 2071*k**2 + 996*k**2 + 12 + 1073*k**2. Calculate n(16).
12
Let f(w) be the first derivative of 2*w**2 - 1/60*w**5 + 1/6*w**3 - 1/120*w**6 + 1/6*w**4 - 19 + 0*w. Let d(p) be the second derivative of f(p). Give d(-3).
7
Let w(m) be the first derivative of -m**2/2 - 19*m - 979. What is w(-6)?
-13
Let y(d) = -69*d - 1860. Let z be y(-27). Let p(c) = c**3 + c**2 + 1. Calculate p(z).
37
Let w(c) be the third derivative of -5*c**4/24 - 8*c**3/3 - 61*c**2 + 9. Calculate w(-2).
-6
Let d(p) = p + 17. Let r(z) = 65*z - 2414. Let f be r(37). Give d(f).
8
Let f(v) be the third derivative of -v**4/12 + 7*v**3/3 + 270*v**2. Calculate f(8).
-2
Suppose 0 = d + 10 - 15. Suppose 0 = 2*n - 5*v, -4*n - v = -d*n. Let o(i) = -2*i + 6*i**2 - i**3 + n*i + i**3 - i**3. Give o(6).
-12
Let k(p) = -2*p - 53. Let o be k(-12). Let g = -19 - o. Let l(c) = -2*c + 5. Calculate l(g).
-15
Let y be (-2)/(-5)*(-315)/126. Let g be y*(0 - (-1)/1). Let c(o) = -8*o**3 + o**2. Calculate c(g).
9
Let q = -7 + 9. Suppose -p = q*z - 25, 5*z - 39 = 3*p + 51. Let o(r) = -r**2 + 16*r - 21. Calculate o(z).
-6
Let c(v) = v - 3 + 0*v - 3 - 3. Let m = -2182 - -2191. Calculate c(m).
0
Let j(v) be the second derivative of v**3 + 14*v**2 + 2979*v. Calculate j(9).
82
Let l(b) be the third derivative of b**6/120 + 7*b**5/15 - 4*b**4/3 - 89*b**3/6 - 3948*b**2. Determine l(-29).
-2
Let y = 49 + -155. Let l = y + 108. Let m(n) = -3*n**l - 4*n**2 + 0*n**2 + 5 + 6*n**2. Determine m(0).
5
Suppose 12*b - 11*b = 2. Let m(z) = 3*z - 24. Let f(s) = -s + 8. Let k(h) = b*m(h) + 7*f(h). Let n(u) = -u**2 + 9*u + 8. Let o be n(9). Give k(o).
0
Let f(o) = o**2 - 31*o + 3. Let k be f(31). Let s(i) = -2*i**2 + i**3 + 0*i**k - i + 0*i**3 - i**2 + 1 + 6*i**2. Give s(-3).
4
Let n = 27869 + -27927. Let o(d) = -d**2 - 52*d + 335. Calculate o(n).
-13
Let r(l) = -2*l**3 + 6*l**2 - 15*l - 6. Let u(y) = -2*y**3 + 5*y**2 - 17*y - 7. Let q(t) = -6*r(t) + 5*u(t). Calculate q(5).
1
Let o = -450 - -440. Let h(m) = m - 1 - 5*m + 4 - 6*m - m**2. What is h(o)?
3
Let y(q) = 2*q**2 - q - 2. Let r be y(-2). Suppose -2*s + 5*a = -16, 0*s + 5*a - r = -s. Let t(k) = 4*k - 23. Determine t(s).
9
Let f(o) = 41*o + 42*o + 1 - 8 - 81*o. Calculate f(0).
-7
Let s(n) = -7*n**2 + 28*n - 28. Let h(p) be the first derivative of -p**2/2 + p + 6. Let j = -260 + 261. Let z(g) = j*s(g) + 28*h(g). What is z(1)?
-7
Suppose -m = -4*m. Suppose 3*g = -2*i + 24, -2 - 16 = -g - 4*i. Suppose m = x - 2*x - 3*q + 2, g = -4*x - 5*q. Let w(u) = -u**3 - 3*u**2 + 4*u + 3. Give w(x).
3
Let f be (31 - 46)/(15 + -18). Let s(